{"id":9615,"date":"2023-11-03T14:30:27","date_gmt":"2023-11-03T13:30:27","guid":{"rendered":"https:\/\/cdfpellets.de\/?page_id=9615"},"modified":"2025-10-27T17:16:00","modified_gmt":"2025-10-27T16:16:00","slug":"lieferung","status":"publish","type":"page","link":"https:\/\/cdfpellets.de\/index.php\/lieferung\/","title":{"rendered":"Lieferung"},"content":{"rendered":"\n<h2 class=\"wp-block-heading\">Lieferung<\/h2>\n\n\n\n<p>Lieferung<br>Alle Bestellungen \u00fcber unsere Website oder telefonisch werden innerhalb von 3 bis 5 Werktagen nach Zahlungseingang \u00f6sterreichweit versandkostenfrei zugestellt. Unsere eigenen Kuriere verwenden f\u00fcr jedes Produkt das passende Equipment.<\/p>\n\n\n\n<p>Die Lieferung erfolgt von Montag bis Freitag an die bei der Bestellung angegebene Adresse. Samstags erfolgt keine Lieferung.<\/p>\n\n\n\n<p>Alle unsere Produkte werden f\u00fcr eine bessere Handhabung und einen sicheren Versand palettiert.<\/p>\n","protected":false},"excerpt":{"rendered":"<p>Lieferung LieferungAlle Bestellungen \u00fcber unsere Website oder telefonisch werden innerhalb von 3 bis 5 Werktagen nach Zahlungseingang \u00f6sterreichweit versandkostenfrei zugestellt.<\/p>\n","protected":false},"author":1,"featured_media":0,"parent":0,"menu_order":0,"comment_status":"closed","ping_status":"closed","template":"","meta":{"footnotes":""},"class_list":["post-9615","page","type-page","status-publish","hentry"],"_links":{"self":[{"href":"https:\/\/cdfpellets.de\/index.php\/wp-json\/wp\/v2\/pages\/9615","targetHints":{"allow":["GET"]}}],"collection":[{"href":"https:\/\/cdfpellets.de\/index.php\/wp-json\/wp\/v2\/pages"}],"about":[{"href":"https:\/\/cdfpellets.de\/index.php\/wp-json\/wp\/v2\/types\/page"}],"author":[{"embeddable":true,"href":"https:\/\/cdfpellets.de\/index.php\/wp-json\/wp\/v2\/users\/1"}],"replies":[{"embeddable":true,"href":"https:\/\/cdfpellets.de\/index.php\/wp-json\/wp\/v2\/comments?post=9615"}],"version-history":[{"count":12,"href":"https:\/\/cdfpellets.de\/index.php\/wp-json\/wp\/v2\/pages\/9615\/revisions"}],"predecessor-version":[{"id":14076,"href":"https:\/\/cdfpellets.de\/index.php\/wp-json\/wp\/v2\/pages\/9615\/revisions\/14076"}],"wp:attachment":[{"href":"https:\/\/cdfpellets.de\/index.php\/wp-json\/wp\/v2\/media?parent=9615"}],"curies":[{"name":"wp","href":"https:\/\/api.w.org\/{rel}","templated":true}]}}